{"id":2441,"date":"2025-08-06T14:07:34","date_gmt":"2025-08-06T12:07:34","guid":{"rendered":"https:\/\/new.cpbratislava.sk\/?page_id=2441"},"modified":"2026-09-04T21:29:03","modified_gmt":"2026-09-04T19:29:03","slug":"enrique-iglesias","status":"publish","type":"page","link":"https:\/\/cpbratislava.sk\/sk\/o-bratislave\/enrique-iglesias\/","title":{"rendered":"Enrique Iglesias Bratislava 2026"},"content":{"rendered":"<p><span class=\"citation-13\">Za\u017eite kr\u00e1\u013ea latinskoamerick\u00e9ho popu na\u017eivo v Bratislave u\u017e <\/span><b data-path-to-node=\"1\" data-index-in-node=\"60\"><span class=\"citation-13\">26. septembra<\/span><\/b><span class=\"citation-13 citation-end-13\">!<\/span><\/p>\n<p><span class=\"citation-12 citation-end-12\">Enrique Iglesias odohr\u00e1 svoj jedin\u00fd slovensk\u00fd koncert na N\u00e1rodnom futbalovom \u0161tadi\u00f3ne.<\/span> Vychutnajte si ve\u010der pln\u00fd svetov\u00fdch hitov a skvelej atmosf\u00e9ry a po koncerte sa vr\u00e1\u0165te do pohodlia n\u00e1\u0161ho hotela.<\/p>\n<p>&nbsp;<\/p>\n<p>&nbsp;<\/p>\n<p>&nbsp;<\/p>\n","protected":false},"excerpt":{"rendered":"<p>Za\u017eite kr\u00e1\u013ea latinskoamerick\u00e9ho popu na\u017eivo v Bratislave u\u017e 26. septembra! Enrique Iglesias odohr\u00e1 svoj jedin\u00fd slovensk\u00fd koncert na N\u00e1rodnom futbalovom \u0161tadi\u00f3ne. Vychutnajte si ve\u010der pln\u00fd svetov\u00fdch hitov a skvelej atmosf\u00e9ry a po koncerte sa vr\u00e1\u0165te do pohodlia n\u00e1\u0161ho hotela. &nbsp; &nbsp; &nbsp;<\/p>\n","protected":false},"author":14,"featured_media":5166,"parent":2159,"menu_order":0,"comment_status":"closed","ping_status":"closed","template":"","meta":{"_acf_changed":false,"footnotes":""},"class_list":["post-2441","page","type-page","status-publish","has-post-thumbnail","hentry"],"acf":[],"_links":{"self":[{"href":"https:\/\/cpbratislava.sk\/sk\/wp-json\/wp\/v2\/pages\/2441","targetHints":{"allow":["GET"]}}],"collection":[{"href":"https:\/\/cpbratislava.sk\/sk\/wp-json\/wp\/v2\/pages"}],"about":[{"href":"https:\/\/cpbratislava.sk\/sk\/wp-json\/wp\/v2\/types\/page"}],"author":[{"embeddable":true,"href":"https:\/\/cpbratislava.sk\/sk\/wp-json\/wp\/v2\/users\/14"}],"replies":[{"embeddable":true,"href":"https:\/\/cpbratislava.sk\/sk\/wp-json\/wp\/v2\/comments?post=2441"}],"version-history":[{"count":8,"href":"https:\/\/cpbratislava.sk\/sk\/wp-json\/wp\/v2\/pages\/2441\/revisions"}],"predecessor-version":[{"id":5181,"href":"https:\/\/cpbratislava.sk\/sk\/wp-json\/wp\/v2\/pages\/2441\/revisions\/5181"}],"up":[{"embeddable":true,"href":"https:\/\/cpbratislava.sk\/sk\/wp-json\/wp\/v2\/pages\/2159"}],"wp:featuredmedia":[{"embeddable":true,"href":"https:\/\/cpbratislava.sk\/sk\/wp-json\/wp\/v2\/media\/5166"}],"wp:attachment":[{"href":"https:\/\/cpbratislava.sk\/sk\/wp-json\/wp\/v2\/media?parent=2441"}],"curies":[{"name":"wp","href":"https:\/\/api.w.org\/{rel}","templated":true}]}}

<p><span class="citation-13">Zažite kráľa latinskoamerického popu naživo v Bratislave už </span><b data-path-to-node="1" data-index-in-node="60"><span class="citation-13">26. septembra</span></b><span class="citation-13 citation-end-13">!</span></p>
<p><span class="citation-12 citation-end-12">Enrique Iglesias odohrá svoj jediný slovenský koncert na Národnom futbalovom štadióne.</span> Vychutnajte si večer plný svetových hitov a skvelej atmosféry a po koncerte sa vráťte do pohodlia nášho hotela.</p>
<p>&nbsp;</p>
<p>&nbsp;</p>
<p>&nbsp;</p>

<p>Zažite kráľa latinskoamerického popu naživo v Bratislave už 26. septembra! Enrique Iglesias odohrá svoj jediný slovenský koncert na Národnom futbalovom štadióne. Vychutnajte si večer plný svetových hitov a skvelej atmosféry a po koncerte sa vráťte do pohodlia nášho hotela. &nbsp; &nbsp; &nbsp;</p>
