{"id":2417,"date":"2025-08-06T13:55:26","date_gmt":"2025-08-06T11:55:26","guid":{"rendered":"https:\/\/new.cpbratislava.sk\/?page_id=2417"},"modified":"2026-02-26T16:02:50","modified_gmt":"2026-02-26T15:02:50","slug":"fresh","status":"publish","type":"page","link":"https:\/\/cpbratislava.sk\/sk\/gastronomia\/fresh\/","title":{"rendered":"Fresh!"},"content":{"rendered":"<p><b>Otv\u00e1racie hodiny<\/b><\/p>\n<p><b>Ra\u0148ajky formou bufetu<\/b><\/p>\n<p>Pondelok \u2013 Piatok: 06:30 \u2013 10:30<br \/>\nSobota &#8211; Nede\u013ea: 07:00 \u2013 11:00<\/p>\n<p><b>Kapacita (po\u010det miest na sedenie):<\/b>\u00a0130<\/p>\n<p><b>Po\u017eadovan\u00e9 oble\u010denie (dress code):<\/b>\u00a0Neform\u00e1lne<\/p>\n","protected":false},"excerpt":{"rendered":"<p>U\u017eite si pokojn\u00e9 ra\u0148ajky v na\u0161ej re\u0161taur\u00e1cii Fresh! a m\u00f4\u017eete sledova\u0165, ako sa Star\u00e9 mesto preb\u00fadza okolo V\u00e1s.<\/p>\n","protected":false},"author":3,"featured_media":3872,"parent":2155,"menu_order":0,"comment_status":"closed","ping_status":"closed","template":"","meta":{"_acf_changed":false,"footnotes":""},"class_list":["post-2417","page","type-page","status-publish","has-post-thumbnail","hentry"],"acf":[],"_links":{"self":[{"href":"https:\/\/cpbratislava.sk\/sk\/wp-json\/wp\/v2\/pages\/2417","targetHints":{"allow":["GET"]}}],"collection":[{"href":"https:\/\/cpbratislava.sk\/sk\/wp-json\/wp\/v2\/pages"}],"about":[{"href":"https:\/\/cpbratislava.sk\/sk\/wp-json\/wp\/v2\/types\/page"}],"author":[{"embeddable":true,"href":"https:\/\/cpbratislava.sk\/sk\/wp-json\/wp\/v2\/users\/3"}],"replies":[{"embeddable":true,"href":"https:\/\/cpbratislava.sk\/sk\/wp-json\/wp\/v2\/comments?post=2417"}],"version-history":[{"count":6,"href":"https:\/\/cpbratislava.sk\/sk\/wp-json\/wp\/v2\/pages\/2417\/revisions"}],"predecessor-version":[{"id":4828,"href":"https:\/\/cpbratislava.sk\/sk\/wp-json\/wp\/v2\/pages\/2417\/revisions\/4828"}],"up":[{"embeddable":true,"href":"https:\/\/cpbratislava.sk\/sk\/wp-json\/wp\/v2\/pages\/2155"}],"wp:featuredmedia":[{"embeddable":true,"href":"https:\/\/cpbratislava.sk\/sk\/wp-json\/wp\/v2\/media\/3872"}],"wp:attachment":[{"href":"https:\/\/cpbratislava.sk\/sk\/wp-json\/wp\/v2\/media?parent=2417"}],"curies":[{"name":"wp","href":"https:\/\/api.w.org\/{rel}","templated":true}]}}

<p><b>Otváracie hodiny</b></p>
<p><b>Raňajky formou bufetu</b></p>
<p>Pondelok – Piatok: 06:30 – 10:30<br />
Sobota &#8211; Nedeľa: 07:00 – 11:00</p>
<p><b>Kapacita (počet miest na sedenie):</b> 130</p>
<p><b>Požadované oblečenie (dress code):</b> Neformálne</p>

<p>Užite si pokojné raňajky v našej reštaurácii Fresh! a môžete sledovať, ako sa Staré mesto prebúdza okolo Vás.</p>
